9
What are the prime factors of 6590?
2, 5, 659
List the prime factors of 125.
5
What are the prime factors of 2440?
2, 5, 61
What are the prime factors of 13476?
2, 3, 1123
What are the prime factors of 19540?
2, 5, 977
What are the prime factors of 73682?
2, 7, 19, 277
What are the prime factors of 78096?
2, 3, 1627
What are the prime factors of 1540?
2, 5, 7, 11
What are the prime factors of 146?
2, 73
What are the prime factors of 2573?
31, 83
What are the prime factors of 7102?
2, 53, 67
What are the prime factors of 17850?
2, 3, 5, 7, 17
List the prime factors of 50199.
3, 29, 577
List the prime factors of 5805.
3, 5, 43
What are the prime factors of 146325?
3, 5, 1951
List the prime factors of 833.
7, 17
What are the prime factors of 24990?
2, 3, 5, 7, 17
What are the prime factors of 135606?
2, 3, 97, 233
List the prime factors of 37890.
2, 3, 5, 421
List the prime factors of 98353.
59, 1667
What are the prime factors of 863?
863
What are the prime factors of 33073?
33073
What are the prime factors of 514?
2, 257
What are the prime factors of 1642?
2, 821
List the prime factors of 16614.
2, 3, 13, 71
List the prime factors of 37179.
3, 17
List the prime factors of 13046.
2, 11, 593
What are the prime factors of 307?
307
What are the prime factors of 3356?
2, 839
List the prime factors of 36684.
2, 3, 1019
What are the prime factors of 13153?
7, 1879
What are the prime factors of 11155?
5, 23, 97
What are the prime factors of 22593?
3, 17, 443
What are the prime factors of 330?
2, 3, 5, 11
List the prime factors of 5092.
2, 19, 67
What are the prime factors of 2080?
2, 5, 13
What are the prime factors of 1899?
3, 211
List the prime factors of 9697.
9697
List the prime factors of 1803.
3, 601
What are the prime factors of 59926?
2, 19, 83
List the prime factors of 13602.
2, 3, 2267
List the prime factors of 116918.
2, 53, 1103
List the prime factors of 333.
3, 37
List the prime factors of 20172.
2, 3, 41
What are the prime factors of 7689?
3, 11, 233
List the prime factors of 77457.
3, 25819
What are the prime factors of 49750?
2, 5, 199
List the prime factors of 2733.
3, 911
List the prime factors of 9052.
2, 31, 73
List the prime factors of 1331.
11
List the prime factors of 8561.
7, 1223
List the prime factors of 9276.
2, 3, 773
List the prime factors of 75712.
2, 7, 13
What are the prime factors of 41123?
17, 41, 59
What are the prime factors of 41975?
5, 23, 73
List the prime factors of 978.
2, 3, 163
List the prime factors of 149790.
2, 3, 5, 4993
What are the prime factors of 7063?
7, 1009
What are the prime factors of 44136?
2, 3, 613
What are the prime factors of 15254?
2, 29, 263
List the prime factors of 3581.
3581
What are the prime factors of 580?
2, 5, 29
List the prime factors of 33156.
2, 3, 307
List the prime factors of 22979.
11, 2089
List the prime factors of 39614.
2, 29, 683
What are the prime factors of 1990?
2, 5, 199
What are the prime factors of 331?
331
What are the prime factors of 1300?
2, 5, 13
What are the prime factors of 55351?
55351
What are the prime factors of 36027?
3, 4003
What are the prime factors of 5433?
3, 1811
List the prime factors of 13249.
13249
What are the prime factors of 18063?
3, 223
What are the prime factors of 18665?
5, 3733
List the prime factors of 62432.
2, 1951
What are the prime factors of 15195?
3, 5, 1013
What are the prime factors of 2369?
23, 103
What are the prime factors of 5688?
2, 3, 79
List the prime factors of 799.
17, 47
List the prime factors of 2880.
2, 3, 5
List the prime factors of 44218.
2, 22109
List the prime factors of 42.
2, 3, 7
List the prime factors of 238.
2, 7, 17
What are the prime factors of 7777?
7, 11, 101
What are the prime factors of 2408?
2, 7, 43
List the prime factors of 17350.
2, 5, 347
List the prime factors of 666.
2, 3, 37
List the prime factors of 2352.
2, 3, 7
List the prime factors of 691.
691
What are the prime factors of 2323?
23, 101
What are the prime factors of 17626?
2, 7, 1259
List the prime factors of 1136.
2, 71
What are the prime factors of 154422?
2, 3, 23, 373
List the prime factors of 105849.
3, 19, 619
What are the prime factors of 129?
3, 43
List the prime factors of 1869.
3, 7, 89
What are the prime factors of 52095?
3, 5, 23, 151
What are the prime factors of 7?
7
What are the prime factors of 14554?
2, 19, 383
List the prime factors of 72.
2, 3
What are the prime factors of 729?
3
List the prime factors of 24335.
5, 31, 157
What are the prime factors of 5611?
31, 181
What are the prime factors of 132?
2, 3, 11
List the prime factors of 11165.
5, 7, 11, 29
What are the prime factors of 38437?
7, 17, 19
What are the prime factors of 18146?
2, 43, 211
List the prime factors of 2035.
5, 11, 37
List the prime factors of 48215.
5, 9643
List the prime factors of 2629.
11, 239
What are the prime factors of 51140?
2, 5, 2557
List the prime factors of 3758.
2, 1879
What are the prime factors of 474?
2, 3, 79
What are the prime factors of 4771?
13, 367
What are the prime factors of 19525?
5, 11, 71
List the prime factors of 9712.
2, 607
List the prime factors of 312.
2, 3, 13
What are the prime factors of 5931?
3, 659
List the prime factors of 235.
5, 47
List the prime factors of 668.
2, 167
List the prime factors of 181.
181
List the prime factors of 5677.
7, 811
List the prime factors of 109209.
3, 59, 617
What are the prime factors of 12843?
3, 1427
List the prime factors of 32986.
2, 16493
List the prime factors of 96289.
96289
List the prime factors of 2840.
2, 5, 71
List the prime factors of 10361.
13, 797
What are the prime factors of 5706?
2, 3, 317
What are the prime factors of 9500?
2, 5, 19
What are the prime factors of 78?
2, 3, 13
What are the prime factors of 2755?
5, 19, 29
List the prime factors of 4712.
2, 19, 31
List the prime factors of 85770.
2, 3, 5, 953
What are the prime factors of 2704?
2, 13
What are the prime factors of 6118?
2, 7, 19, 23
What are the prime factors of 545?
5, 109
What are the prime factors of 26760?
2, 3, 5, 223
What are the prime factors of 543?
3, 181
List the prime factors of 4574.
2, 2287
List the prime factors of 10948.
2, 7, 17, 23
What are the prime factors of 5191?
29, 179
What are the prime factors of 890?
2, 5, 89
List the prime factors of 308.
2, 7, 11
What are the prime factors of 3524?
2, 881
What are the prime factors of 259?
7, 37
List the prime factors of 4285.
5, 857
What are the prime factors of 47630?
2, 5, 11, 433
What are the prime factors of 7186?
2, 3593
List the prime factors of 603.
3, 67
What are the prime factors of 9901?
9901
List the prime factors of 997.
997
List the prime factors of 1510.
2, 5, 151
List the prime factors of 3668.
2, 7, 131
List the prime factors of 47945.
5, 43, 223
What are the prime factors of 1090?
2, 5, 109
List the prime factors of 12182.
2, 6091
What are the prime factors of 80360?
2, 5, 7, 41
What are the prime factors of 3822?
2, 3, 7, 13
List the prime factors of 20604.
2, 3, 17, 101
What are the prime factors of 200?
2, 5
What are the prime factors of 18660?
2, 3, 5, 311
List the prime factors of 18652.
2, 4663
What are the prime factors of 416?
2, 13
What are the prime factors of 1518?
2, 3, 11, 23
List the prime factors of 1509.
3, 503
What are the prime factors of 239?
239
What are the prime factors of 532?
2, 7, 19
List the prime factors of 2038.
2, 1019
List the prime factors of 5969.
47, 127
List the prime factors of 41109.
3, 71, 193
What are the prime factors of 911?
911
List the prime factors of 331.
331
List the prime factors of 1954.
2, 977
What are the prime factors of 29908?
2, 7477
List the prime factors of 3328.
2, 13
List the prime factors of 4786.
2, 2393
What are the prime factors of 20497?
103, 199
List the prime factors of 783.
3, 29
What are the prime factors of 356?
2, 89
What are the prime factors of 30853?
30853
What are the prime factors of 105499?
105499
What are the prime factors of 4773?
3, 37, 43
List the prime factors of 49239.
3, 5471
List the prime factors of 1159.
19, 61
What are the prime factors of 5965?
5, 1193
List the prime factors of 2794.
2, 11, 127
List the prime factors of 2481.
3, 827
List the prime factors of 31526.
2, 11, 1433
List the prime factors of 6162.
2, 3, 13, 79
What are the 